ose -2*p + 0*s - 5*s - 1 = 0, 5*p + 4*s - 6 = 0. Let x(g) = -2*g - k + g - g**p + 3*g - g. Determine x(3).
-7
Let x(p) = -p**2 + 4*p - 1. Let a(c) = c**2 - c + 30. Let q be a(0). Let t(n) = 5*n - 3. Let g be t(3). Let z be 6/5*q/g. Determine x(z).
2
Let j(c) = -4*c**2 + c - 5. Let u(x) = -x**2 + 8*x - 2. Let a be u(7). Let m(y) = y**3 - y**2 - 1. Let g(n) = a*m(n) - j(n). Determine g(-1).
-5
Suppose -3*q = 3*c + 9, 5*q - 5*c + 0*c - 15 = 0. Let l(i) = i + 3. Let v(f) = f. Let m(o) = -l(o) + 2*v(o). What is m(q)?
-3
Let c(v) = v**3 + 4*v**2. Suppose -2*q - 2 = 4*s, 3*q - 4*s = -3*s - 10. Determine c(q).
9
Let z(x) = -x**2 - 3*x + 4. Suppose 4*o = -2*q + 2, 3*o - 2*q - 1 = 11. Suppose 3*y + 14 = o. What is z(y)?
0
Let p(h) = 2*h**2 + h + 4. Let r(s) = 2*s**2 + 4. Let k(o) = -o**2 - 6*o + 9. Let w be k(-8). Let b(l) = w*p(l) + 6*r(l). What is b(-4)?
-8
Suppose -15 = -5*f + 5*p, -3*p + 3 = 2*f - 2*p. Suppose 0 = -z + 2*z + f. Let t(l) = -3*l + 2. Give t(z).
8
Let b(l) = 2*l + 18. Let n be b(-9). Let p(a) be the third derivative of 3*a**2 - 2/3*a**3 + 0 + n*a + 1/8*a**4. Give p(3).
5
Let w(y) = -y**3 - 9*y**2 + 1. Let v be w(-9). Let a be (1 + v)*-1 + -1. Let l(h) = 2*h + 1. Calculate l(a).
-5
Let r(s) = s**3 - 4*s**2 - s - 2. Let a(y) = y**2 + 6*y - 3. Let z = -6 + 0. Let h be a(z). Let k be (-1 + 3)/(h/(-6)). Give r(k).
-6
Suppose 3*j - 2*p - 5 = 0, -2*p + 19 = j + 4*j. Suppose 7*a + 14 = -i + j*a, -a + 1 = -2*i. Let g(n) = n**3 + n**2 + n. Give g(i).
-6
Suppose w = -w - 6. Let d(j) = -j - 1. Let x(p) = p**2 + 1. Let h(o) = -2*d(o) + x(o). Determine h(w).
6
Let t(g) be the third derivative of -g**6/120 + g**5/10 - g**4/4 + 2*g**3/3 + 3*g**2. Calculate t(5).
-1
Let z(o) = -o**3 - 3*o**2 + 2*o - 3. Let p = 3 + -6. Let q be ((-24)/4)/(p/(-2)). What is z(q)?
5
Suppose 4*u - 5 = -3*i, -4*u + 41 = 3*i - 9*u. Let m(t) = 4*t + 4*t - i*t - 2. Calculate m(2).
0
Let z(v) = -9*v - 5. Let f(x) = -x - 1. Let u(n) = 5*f(n) - z(n). Determine u(-1).
-4
Let y = 3 - 6. Let m(r) = 3*r**2 - 3 + 1 - 4*r - 4*r**2. What is m(y)?
1
Let j(d) = d - 12. Let n be j(6). Let s(u) = u + 8. Determine s(n).
2
Let k(d) = -3 - 15*d**2 - d**3 + 13*d + 3*d**2 + 6. Calculate k(-13).
3
Let r(p) = 1 + p - 2 - 5. Suppose -5*s - o - 5 = -0, -2*o = -5*s + 10. Determine r(s).
-6
Let d(m) = m. Let u(k) = k**3 + 6*k**2 + 5*k. Let p be ((-1)/(-2) - 0)*-10. Let z be u(p). Give d(z).
0
Let s(g) = 4*g**2 + 28*g + 2*g**2 + 2 - 30*g - g**3. Determine s(6).
-10
Let p(m) = -m**2 + 5*m + 4. Let j(l) = l**2 + 8*l + 20. Let c be j(-5). Give p(c).
4
Let o(c) = 3*c**2 + 19 + 3*c**2 - 27 - c**3. What is o(6)?
-8
Let p(d) = 6*d**2 - 1. Let b(y) = -5*y**2 - y + 2. Let j(z) = 7*b(z) + 6*p(z). Determine j(6).
2
Let w(a) = 195*a**2 - 7*a - 189*a**2 + a**3 - a. Calculate w(-7).
7
Let a = -2 + 0. Let j(i) = -5*i + 2*i + 6*i + 1 - 2*i**2 - 4*i. Let p be j(a). Let f(b) = -2*b - 6. Determine f(p).
4
Let m(l) = -2*l**3 + l**2 - 3*l - 4. Let s(b) = 3*b**3 + 4*b + 4. Suppose -5*c - 28 + 6 = -2*k, k = -3*c - 11. Let i(g) = c*m(g) - 3*s(g). Give i(-3).
-5
Let j(x) = x**3 - x**2. Let m(a) = -7*a**3 + a**2 - 3*a + 4. Let n(f) = 6*j(f) + m(f). Let d = 6 + -4. Let z(y) = -y**2 + y - 1. Let p be z(d). What is n(p)?
-5
Let m(w) = 3*w + 4. Let u(k) = -4*k - 3. Let x(i) = 3*m(i) + 2*u(i). Let d be 4/(-10) - (-154)/35. Suppose p = -d*p. Give x(p).
6
Let g = -2 - -1. Let s(z) = z**3 + 5*z**2 - 8*z - 1. Let l(r) = -r**3 + r**2 - r. Let n(b) = 6*l(b) - s(b). Give n(g).
7
Let x(q) = q + 4. Suppose 0*v - 4*v + 4 = 5*f, 5*f + v - 1 = 0. Determine x(f).
4
Let v(x) be the third derivative of 0*x**5 - 2*x**2 - 1/6*x**3 + 0 + 1/30*x**6 + 0*x - 1/12*x**4. Suppose 4*j = j - 3. Calculate v(j).
-3
Let g(h) be the second derivative of h**6/360 + h**5/24 + h**4/8 - h**3/6 + h. Let s(b) be the second derivative of g(b). Determine s(-3).
-3
Let i(j) = -10*j - 8*j + 17*j. Determine i(-5).
5
Suppose -4*m - 3 = -i, -2*m + 3 + 3 = 2*i. Let p(t) = -5*t - i + 0*t - 1 + t + t**2. Determine p(4).
-4
Suppose 5*k - 2 = 7*k. Let i(s) = s**2 - 1. Let g(d) = d**3 - 5*d**2 + 2*d + 1. Let a(r) = k*g(r) - 2*i(r). Let p = -2 - -4. Give a(p).
1
Suppose z - 3*z - 3*o - 11 = 0, 5*o = 2*z - 29. Let b be 6 + (0 + 1 - z). Let r(d) = d**3 - 3*d**2 - 7*d - 2. Determine r(b).
13
Let q(j) be the second derivative of -j**5/20 - j**4/12 + j**3/3 + j**2/2 + 8*j. Determine q(-2).
1
Suppose 5*n - 4*z - 8 = 0, -3*n - 5*z - 6 = -33. Let t = n - 8. Let c(r) = -r + 4. Calculate c(t).
8
Let o = 11 - 8. Let g(q) = q**o + q**3 - q**2 - q**3. Give g(0).
0
Let m be -10 + 272/28 + 51/7. Let r(z) = -z**2 + 10*z + 1. Determine r(m).
22
Let p(t) = -7*t - 2 + 6 + 1 - 6. Determine p(-1).
6
Let d(n) = -n. Let u(v) = 5*v - 10. Let s(h) = -3*d(h) - u(h). What is s(8)?
-6
Let t = -8 + 5. Let j(i) = -13*i**2 + 23*i + 17. Let x(l) = 8*l**2 - 15*l - 11. Let v(y) = 5*j(y) + 8*x(y). Determine v(t).
3
Let v(l) = -10*l**2 + 6*l + 3. Let m(p) = -p - 1. Let y(c) = 4*m(c) + v(c). Suppose d = -0*d + 1. Determine y(d).
-9
Let d be 87/15 - (-2)/10. Suppose 0*c = 2*c - d. Let t(x) = 3*x - 4. Give t(c).
5
Let t(z) = -z + 3. Let n be t(3). Suppose n = 4*q + q - 10. Let p(d) = d**2 - 2*d**q - 1 - 7*d - 3 + 0*d. Calculate p(-5).
6
Let a(u) be the second derivative of -u**5/20 - u**4/12 + u**3/6 - u**2/2 - 43*u. Calculate a(-2).
1
Let m be 4/10 - 8/(-5). Suppose 0 = m*x + 2*k - 5*k - 12, 2*k = -4. Let p(t) = -3 + 2 + 2 + 2*t - 2*t**2 + 1. Determine p(x).
-10
Let a(z) = 2*z + 0 + z + 4*z + 2. What is a(2)?
16
Let b(t) = -68 + 63 - 4*t + t**2 - 7*t + 5*t. Calculate b(7).
2
Suppose -3 = -0*w - w. Let d(b) = w*b - b**2 + 2*b**2 + 0 - 2 - 2*b**3. Suppose z + 70 = 72. Calculate d(z).
-8
Let c be ((-69)/(-15) - 5)/((-1)/(-5)). Let u(h) = h**3 + 3*h**2 + 4*h + 2. Give u(c).
-2
Let r(u) = -3*u**3 - u**2 + u - 1. Suppose 1 - 5 = -4*f. Determine r(f).
-4
Let m(d) be the third derivative of d**7/5040 + d**6/180 - d**5/20 + 4*d**2. Let c(n) be the third derivative of m(n). Calculate c(-3).
1
Let h(y) = -y**2 - 8*y. Suppose -23 + 14 = q. What is h(q)?
-9
Let d(r) = -83*r - 4*r**2 + 76*r - 9 + 3*r**2. What is d(-6)?
-3
Let w(o) = o**3 - 16*o**2 - o + 5. Let u be w(16). Let n = 15 + u. Let s(y) = y**3 - 5*y**2 + y + 2. Calculate s(n).
-10
Let x(b) be the second derivative of b**2 + 0 - 1/12*b**4 - 4*b - 1/6*b**3. Determine x(2).
-4
Suppose -2*y - 207 = -207. Let k(n) be the first derivative of n**4/12 - n**3/6 - 11*n**2/2 - n - 1. Let m(x) be the first derivative of k(x). Give m(y).
-11
Let g(u) = u**3 + 0*u**2 - 8 - u + 12 + 0*u**2. Let w(q) = q - 9. Let k be w(9). What is g(k)?
4
Suppose -11 = -y - 11. Let h(k) = -k**3 - k**2 + k - 6. What is h(y)?
-6
Let h(k) = k**2 - 3*k - 2. Let y(j) = -j**3 + 5*j**2 - 2*j + 6. Let w be y(5). Suppose 0 = 4*m + 18 + 18. Let l = w - m. Determine h(l).
8
Let x(j) = j**3 - 6*j**2 + 4*j + 7. Let u be ((-14)/6)/(1/(-6)). Let t = -9 + u. Calculate x(t).
2
Let f(c) be the second derivative of 2*c**2 - 1/20*c**5 + 5/6*c**3 + 4*c + 0 + 5/12*c**4. Calculate f(6).
-2
Suppose 4*r + 7*p = 4*p - 1, 2*r + 4*p = -8. Suppose 6*l - 2 = l - r*a, -5*l = 4*a + 6. Let y(o) = -5 + 4*o + o + o**2 + 0*o**l. Give y(-5).
-5
Let g(p) = -p**3 + p**2 + p. Let c(k) = 5*k**3 + k**2 - 13*k - 7. Let f(n) = -c(n) - 6*g(n). Give f(6).
13
Suppose -4 = -2*n + 2*f, 5*n - 2*f = n + 12. Let u(s) = -3*s**2 - 17*s - 5. Let r(k) = -k**2 - 6*k - 2. Let p(g) = n*u(g) - 11*r(g). What is p(-4)?
-6
Suppose 27 = 5*p - 3. Let d(l) = 7*l**2 - 12*l**3 - 4*l + 11*l**3 - 7 + 0*l - 1. What is d(p)?
4
Let q be (19 - 18)/(1/2). Let h(m) be the first derivative of 1/2*m**2 + 1 + q*m. Determine h(-4).
-2
Let x(k) = 11 + 1 + 4*k - 16 + 2. Calculate x(-3).
-14
Let w be (-2)/(-4) - 5/10. Suppose 2*l - 10 = x, 3*l - 4 = -w*x - 4*x. Let r(d) = -2*d**3 - 3 - d**3 + 4*d**3 + 5*d + 5 - 5*d**2. Determine r(l).
6
Let o = 2 - 2. Let h(z) = -7*z**3 - 2*z + 17. Let d(x) = -3*x**3 - x + 8. Let p be 0/(-3) - 2*1. Let g(s) = p*h(s) + 5*d(s). Give g(o).
6
Let j(p) = -p**3 + 2*p + 2. Suppose 0 = -3*t - 15, 4*t + 46 = -4*y - 6. Let q = 6 + y. Give j(q).
6
Let c = 21 + -24. Let p(s) = -s**2 - 2*s + 1. Give p(c).
-2
Let f(n) = 5*n**3 - 2*n**2 + 1. Let a be 1/(3*3/162). Let b = -19 + a. Calculate f(b).
-6
Let q(k) = k. Let f(y) = -y. Let l(z) = 6*f(z) + 5*q(z). Let d be